2 + 2*j. Let b(o) = u*a(o) - 2*t(o). Give b(-1).
4
Let x(y) be the third derivative of -y**6/120 + y**5/12 - y**4/6 + y**3/6 + 83*y**2. Calculate x(4).
1
Let r(s) = -2*s**3 - s**2 + s + 4. Let o(y) = 8*y**2 + 67*y - 47. Let c be o(-9). Give r(c).
14
Let i(l) = 4*l**2 + 0*l**2 + 6 - 66*l + 56*l - 3*l**2. Determine i(9).
-3
Let x(j) = -j**3 + 7*j**2 + 16*j + 12. Let c be (1 - 14) + 11 + 11. What is x(c)?
-6
Let f = 46 + -48. Let w(a) = a**3 + a**2 - a. Calculate w(f).
-2
Let z = 64 + -52. Suppose -2*f - f = 2*n - 12, z = 2*n - 5*f. Let x(y) = -y**3 + 7*y**2 - 6*y - 4. Calculate x(n).
-4
Suppose -2*s + 2*h - 2 = 0, -5*s + 2 = 5*h + 7. Let m(t) = 2*t - 1 + 0*t + 7*t**2 + 2. Give m(s).
6
Suppose 5*a = 4*x + 17, -5*a + 3*x + 12 = -2*a. Let u(i) be the second derivative of i**3/3 - 5*i - 3. Determine u(a).
2
Suppose -6*c + 10 = 22. Let x(f) = 3*f**3 + 3*f**2 + f - 1. Give x(c).
-15
Suppose 46*d - 14 = 44*d. Suppose -2*a - a = 0, f + 4*a = -d. Let t(j) = -j**3 - 7*j**2 + 2*j + 8. Give t(f).
-6
Let q be -5 - ((3 - -5) + -7). Let s(u) = u**2 + 4*u - 10. Give s(q).
2
Let p(b) = -5*b**2 + 14*b + 6. Let z(n) = -3*n**2 + 7*n + 3. Let a(c) = -4*p(c) + 7*z(c). Give a(-6).
3
Suppose 6 = 4*f + 3*y, -3*y = 2*f + f - 3. Let c(s) = 3 - s**f + 2*s**3 - 2 + s - 2*s**2 - 2*s. Let p be (-27)/(-9)*4/6. Calculate c(p).
-1
Let d(c) = -c**2 + 6*c - 1. Suppose -18*u + 76 = -14. Determine d(u).
4
Let o = 16 - 13. Suppose 9 = o*v + 3. Let y(d) = -2*d**2 - 1 + 2*d + d + 4 + 3*d**v. Give y(-4).
7
Let w = 1 + 1. Let a(c) = -3 + 7 + 7*c**3 + c**2 - w*c**3 - 3 + 2*c. Let s(h) = h**3 - 9*h**2 + 9*h - 9. Let f be s(8). What is a(f)?
-5
Let w(r) = 1 - 3 + r**3 + 2*r**2 + 3 - r - r**2. Let y(l) = -9*l**3 - 2*l**2 + 2*l - 1. Let h(m) = 2*w(m) + y(m). What is h(-1)?
8
Let p(j) be the second derivative of -1/6*j**3 + 2*j + 4*j**2 + 0. What is p(7)?
1
Suppose -1 = 10*x - 81. Let w(a) = a**3 - 8*a**2 - 2. Let u be w(x). Let d(y) = 3*y**3 - y**2 - 2*y + 1. What is d(u)?
-23
Let p(n) be the first derivative of -1/2*n**2 + 11 - n. Give p(3).
-4
Suppose 3*m + m = -p + 8, 3*p = 0. Let w(a) = -6*a**2 + 11*a + 3. Let s(x) = 3*x**2 - 5*x - 1. Let t(f) = 5*s(f) + 2*w(f). Give t(m).
7
Let w(g) be the third derivative of g**6/120 - g**5/6 + g**4/12 + 2*g**3/3 - 176*g**2. Calculate w(10).
24
Let k(v) = -6*v**3 - 36*v**2 - 9*v - 36. Let b(y) = y**3 + 7*y**2 + 2*y + 7. Let p(f) = 11*b(f) + 2*k(f). Suppose 59 - 83 = -4*x. Give p(x).
-7
Suppose 50*l = 46*l - 8. Let k be (-123)/39 - l/13. Let d(y) = y**3 + 2*y**2 + 3*y. What is d(k)?
-18
Let g(c) = 3*c**2 - 10*c - 8. Let o(b) = -b**2 + b + 1. Let q(d) = -g(d) - 4*o(d). Calculate q(-6).
4
Let w = 5 - 12. Let s(o) be the second derivative of -o**3/6 - 3*o**2 + 83*o. Determine s(w).
1
Let u be (11 - 11 - -10)/2. Let t(z) = z**3 - 4*z**2 - 2*z + 5. What is t(u)?
20
Let f(g) = -g**2 + 38*g - 31. Suppose 19*y - 2*q + 31 = 20*y, -5*y + 179 = 2*q. Give f(y).
6
Suppose o + 2 - 9 = 0. Suppose -o = 3*j - r - 30, 0 = -j - 2*r + 3. Let f(s) = -s + 5. Give f(j).
-2
Let m(c) = -7*c**3 + 2*c**2 - c. Let q(i) = -14*i**3 + 4*i**2 - 2*i. Let b(n) = 7*m(n) - 3*q(n). Calculate b(1).
-6
Suppose 3*q = 96 - 21. Let m = -285 - -294. Let k(t) = -q + 17 + m - t. What is k(6)?
-5
Let q(h) = -10*h + 1. Let l(b) = 3*b + 1. Let x(p) = -3*l(p) - q(p). Calculate x(-3).
-7
Let q(m) = -m**2 - 2*m. Suppose -g = l + 1, 4*l + 5 = -l + 5*g. Give q(l).
1
Suppose 3*a - 10 - 44 = 0. Let p = a + -17. Let k(m) = -5*m**2 - 1. Calculate k(p).
-6
Suppose 0*y + 2*y = 0. Suppose b - 4*c - 28 + 7 = y, -c = 4. Suppose -11*j + 24 = -b*j. Let m(z) = z**3 - 4*z**2 + 4*z - 6. Calculate m(j).
10
Let v(f) be the second derivative of 5*f**3/6 + f**2/2 - 516*f. Give v(-5).
-24
Let y(f) be the second derivative of 29*f**3/6 - 119*f + 2. Determine y(-1).
-29
Let j(f) be the first derivative of f**3/3 - 3*f**2/2 + 3*f - 191. What is j(4)?
7
Let r = 487 + -489. Let n(k) = k**2 - 4*k - 3. Determine n(r).
9
Let d(k) be the second derivative of -k**3/2 - 15*k**2 + 299*k. Determine d(-6).
-12
Let k(f) = 2*f**2 - 3*f**2 + 0*f**2 + 38*f**3 + 2*f + 13 - 14 - 10*f**3. Calculate k(1).
28
Let x(p) = 4*p**2 + p + 12. Let f(g) = g**2 - g + 1. Let s(b) = 3*f(b) - x(b). Calculate s(-8).
-41
Let n(c) = -2*c**2 + 12*c - 13. Let w(m) = 2*m**2 - 15*m + 14. Let s(t) = -7*n(t) - 6*w(t). Give s(0).
7
Let i(x) = -x**2 + 4*x + 4. Suppose 4*m + 8 = 2*m. Let y(o) = o**3 + 3*o**2 - 4*o. Let u be y(m). Suppose u = -2*p - 10, 5*t = t - 2*p + 10. What is i(t)?
-1
Let y(u) = -u**2 + 7*u - 4. Let o be y(6). Let t(k) = -4 - 1 - o*k + 5. Give t(-3).
6
Suppose 28*c = 35*c + 35. Let r(t) = t + 16. Calculate r(c).
11
Let l(x) = -x - 2. Let b be (0/(-4) - -14)*3. Let r = b - 22. Suppose 4*t + 0*t = -r. What is l(t)?
3
Let g(y) = -y**3 + 22*y**2 + 44*y. Let l(f) = -2*f**3 + 43*f**2 + 85*f - 1. Let a(w) = 9*g(w) - 4*l(w). Give a(28).
4
Let a(u) = 3 - 3 + 3*u + 0 - 1 - 12*u. Give a(-2).
17
Let t(g) = -g. Let c(n) = -14 - 24 + 38 - 5*n. Suppose -2 = 3*d - 4*h - 9, d - 5*h = -16. Let z(j) = d*t(j) - 2*c(j). Give z(-5).
-5
Let v be 723/12 - 4*2/32. Let q(t) = -t**2 - v*t + 33*t + 36*t + 1. What is q(4)?
21
Let o(u) be the second derivative of 3*u**5/20 - u**4/12 - u**3/2 + u**2 + 5*u. Let s be o(2). Let a(f) = 4*f + 0*f - 16 - f**2 + s. Determine a(4).
0
Let s be ((-56)/40)/(-7) - 59/(-5). Let x(l) = -2 + s*l - l**2 - 4 - 6. Give x(11).
-1
Let g(x) = 14*x**2 + 6*x - 11. Let c(o) = -17*o**2 - 6*o + 12. Let r(j) = -5*c(j) - 6*g(j). Calculate r(3).
-3
Let n(w) = -w**2 - 15*w - 2. Suppose 7*t = -14 - 77. Determine n(t).
24
Suppose 3*l + 66 = 81. Suppose 3*q + 4 = 34. Suppose q*g + 30 = l*g. Let d(a) = a**3 + 6*a**2 + 7. Determine d(g).
7
Suppose -3*w = 4*w - 11*w. Let d(c) = -c**2 + c + 18. Determine d(w).
18
Let l(s) = 0 - s + 0 + 1. Let b be (-32)/(-112) + 47/7. Calculate l(b).
-6
Let s(n) = n**3 - 6*n**2 - 1. Let u(f) be the third derivative of -f**4/12 - 5*f**3/3 + 11*f**2. Let d be u(-8). Give s(d).
-1
Let n = -67 + 71. Let p(g) = 8*g + g**2 - g**2 + n*g**2 - 11 - 3*g**2. What is p(-8)?
-11
Let i = 22 - 15. Let a(b) = -2*b**2 + 4*b + b**2 - i*b. Calculate a(-3).
0
Let o(q) = -q**3 + q - 4. Let u = 0 - -12. Suppose m - u = -3*m. Suppose h - 4*s = 5*h - 4, -5*h - m*s = -3. Determine o(h).
-4
Let g(k) be the third derivative of -k**6/120 - 7*k**5/60 - k**4/3 + k**3/2 + 2*k**2. Let o = 1630 - 1636. What is g(o)?
15
Let t(a) be the first derivative of a**4/4 + 8*a**3/3 + 5*a**2/2 - 10*a - 107. What is t(-7)?
4
Let b(a) = -a**2 - 6*a - 2. Let n be b(-5). Let v(y) = -10*y**2 - 9 - 7 - 9*y - 10*y**n + 11*y**3. What is v(11)?
6
Let c(m) = -9*m**2 - m + 6. Let y(n) = 16*n**2 + 3*n - 11. Let d(b) = -5*c(b) - 3*y(b). Determine d(2).
-17
Let n be 40/(-220) + 730/22. Let k = 33 - n. Let a(l) = l + 1. What is a(k)?
1
Let t(z) = -2*z + 3. Let u be t(-4). Let k(s) = 2*s - 6*s + u - 3. Let g(y) = -5*y + 9. Let n(p) = 5*g(p) - 6*k(p). Determine n(-5).
2
Suppose 4*a = 4*x + 12, 3*x + 11 = -5*a + 42. Let t(n) = 10*n - 3. Determine t(x).
17
Let x(h) = -53*h**3 + 17*h + 18 + 17*h**2 + 173*h**3 - 119*h**3. What is x(-16)?
2
Suppose -17*w + 23*w + 24 = 0. Let l(x) = -x**3 - 4*x**2 - 2*x - 4. What is l(w)?
4
Let q(j) = 38*j**2 + 6*j - 1. Let i(r) = -7*r**2 - r. Let d(u) = -11*i(u) - 2*q(u). Determine d(0).
2
Let l(w) = -36*w + 85. Let u be l(2). Let h(z) = 2*z - 30. Give h(u).
-4
Let l = 5365/64668 - -2/5389. Let b(x) be the third derivative of l*x**4 + 0 + 3*x**2 + 0*x - 1/6*x**3 + 1/20*x**5. Calculate b(1).
4
Let p = -316 + 298. Let u(y) = y**2 + 18*y - 8. Give u(p).
-8
Let a(q) = 2*q**2 + 6*q + 2. Let k be a(-5). Suppose 3*o - 1 = -k. Let p(j) be the first derivative of -j**2/2 - j - 9. What is p(o)?
6
Let u(q) = -8*q**2 - 30*q + 9*q**2 + 32*q - 4 + 0. Let w(b) = -b**3 + 6*b**2 - b + 2. Let t be w(6). Determine u(t).
4
Let s(i) = i + 4 - 3 - 2. Let f(c) be the first derivative of -17*c**3/3 + 3*c**2/2 - 4*c - 5. Let z(a) = f(a) - 4*s(a). What is z(1)?
-18
Let g = 15 - 13. Suppose -r - 2 = s, -g*s - 8 = -4*r + 2*r. Let m(v) = 4*v - 7*v**2 - 2*v**2 - 4*v + 1. Determine m(r).
-8
Suppose 0 = -3*m + 3*s + 228, -2*s + 3 = m - 85. Let y = m - 73. Let c(z) be the first derivative of -z**3/3 + 7*z**2/2 - 4*z - 2. Determine c(y).
-4
Let w be 45 + (-20)/(-4) + -4. Let h(r) = -2*r - 88*r